4).
-17
What is the value of -2 - (35 + -8) - (-5 - 1)?
-23
-5 - (-8 - -5) - (5 + -7 + 3)
-3
Evaluate -3 + 46 + 8 + -12 + (4 - 4).
39
What is 6 + 18 + (-31 - -17)?
10
What is (2 - 9) + -12 + -1 + 15?
-5
Calculate 35 + -39 + 2 + 33.
31
Calculate (9 - (21 + -3) - -8) + -7.
-8
What is (-12 - (-16 + -3)) + -3 + 11?
15
Evaluate (17 + 0 - 36) + (-10 - 0).
-29
What is -9 + (0 - (14 + -21))?
-2
What is the value of 11 + 0 + (13 - -2) + -7?
19
What is (1 + 13 + -6 - 2 - -1) + -7?
0
19 + (0 - -1) + (62 - (96 - 35))
21
(19 + 1 - 0) + -24
-4
Calculate 47 - (-21 - (-31 - 17)).
20
Evaluate (22 - (32 - 18)) + 18.
26
What is the value of -12 + 31 + 1 + -16?
4
What is the value of 81 + -79 + (3 + -5 - 1) + -5?
-6
What is 3 + 25 - (-27 + 12 + 21)?
22
What is the value of -5 + -2 - (6 + -2 + -24)?
13
Calculate -1 - 1 - ((45 - 56) + (-2 - -6)).
5
Evaluate -5 - ((-13 - 0 - -15) + -5).
-2
Calculate (26 + -57 - -34) + -9.
-6
What is the value of 9 + (8 - 13 - -16) + -4 + -2?
14
What is 23 + 0 + (542 - 591)?
-26
Evaluate (3 - 1) + -6 + -3 + (2 - -7).
2
0 + (-2 + 4 - (21 - 18)) - -9
8
Calculate -2 + 7 - (1 + 3 + 0 + -1).
2
What is the value of (19 - 8) + (13 - 19)?
5
What is -4 + -8 + (7 - 2) + -17 + 25?
1
Calculate 1 - 7 - 2 - (-1 - (5 + -8)).
-10
What is the value of -3 + (4 + (-2 - 3) - 4 - -9)?
1
17 - 39 - -36 - -3
17
What is the value of (-6 - ((-5 - 1 - -2) + 1)) + 13?
10
30 + (-7 - -15) + -25
13
Evaluate -2 - -11 - ((-43 - -11) + 31).
10
What is the value of 11 + (1 - 0) + 14 - 10?
16
-10 + 5 + (1 - (-7 - -5)) + -8
-10
What is the value of 13 - ((-4 - -21) + -33 + 41)?
-12
What is the value of -5 + (-14 + 19 - (1 - 4))?
3
What is the value of 1 - 4 - (-42 - -42)?
-3
-1 + 0 + 1 - (0 + 6 + -5)
-1
Calculate 20 + (-8 - -15 - -1) - (5 + 5).
18
Evaluate -2 + (-27 - 14) - -14.
-29
(-5 + 2 - (-30 - -28)) + (2 - -2)
3
What is (-5 + (3 - (-6 - 7)) - 2) + 14?
23
(5 - (-4 - 3)) + 8 + -2 - 7
11
What is the value of 35 + (9 + -19 - 47)?
-22
Evaluate 1 - (-12 - 0) - (-1140 + 1153).
0
-8 + 17 + -8 + -6 + -7
-12
What is the value of (14 - (5 - 15 - -8)) + -17?
-1
Evaluate (-13 - (-10 - -2)) + -4.
-9
12 + 11 + (-13 - 15)
-5
Calculate 11 + -18 + 7 + 10 + 1.
11
(-26 - -23) + 38 + -18
17
What is (7 - 6 - 1) + (-7 - -5 - -9)?
7
(4 - (1 - (-15 - -5 - -1))) + 7
1
Calculate 5 - (-21 - -12 - ((4 - 3) + -3)).
12
-1 - (4 - (-1 - (9 + 1 - 18)))
2
What is the value of (-3 - -1) + (-28 - -11 - -25) - 1?
5
Calculate -2 + -23 + 16 + 26 - 13.
4
38 - 23 - (10 + 3)
2
What is the value of -13 - -15 - (7 + -4)?
-1
Evaluate 123 + -87 + (-16 - 6).
14
What is the value of 4 - (1 - (2 - -1 - -2))?
8
What is -3 - -6 - 46 - (-10 + -1)?
-32
Calculate -13 + 29 - (7 - 2).
11
What is -8 + (1 - 8) + 7 - (4 - -3)?
-15
What is 22 - (41 - -2) - -19?
-2
Evaluate (4 - 41) + 29 - -20.
12
(-43 + 34 - (1 + -3 + 0)) + 26
19
What is -1 + 21 + 7 - 10 - (5 + 1)?
11
What is the value of -8 - (-5 - 8) - (23 + 0)?
-18
Evaluate (-47 - (14 + -45)) + 9.
-7
-2 + 4 - ((8 - 19) + 23)
-10
2 - -1 - (4 + 4 - (25 + -16))
4
Calculate (12 - -1) + -10 + (-1 - (-4 + -4)).
10
Evaluate 3 - (-9 + 12 + -11 - (-1 - -2)).
12
What is the value of 9 + (1 - -3) - 9 - 10?
-6
What is the value of (-1 - 0) + (21 - (6 + 7))?
7
(-8 - (13 - 8)) + -11 + 16 + 32
24
Calculate 15 + -23 + 1 + -6 + 1.
-12
Evaluate 47 - 40 - (7 + 1 - (-14 - -17)).
2
(23 - 4) + -44 + 41
16
(-3 - (-2 + -1)) + -11 + 12
1
What is 3 - (26 + -13 - 10)?
0
Evaluate 32 - (-40 + 32 - -37).
3
What is -653 + 622 + 71 + -1?
39
What is the value of -13 - (-33 + 6) - 9?
5
What is -2 - (-9 - (0 + -20))?
-13
Calculate -2 + (10 - (-5 + -11 + 15)).
9
What is the value of (-5 - 4) + (-15 - -19)?
-5
Calculate 30 + 19 + -35 - (2 - (1 + -6)).
7
What is -15 + (-11 + 13 + 5 - -2) + 7?
1
What is the value of 35 + -31 + 8 + -1 + -21?
-10
(-9 - -16) + 16 - 33
-10
(-5 + 12 - 4) + (6 - -2 - -6)
17
7 - (3 + 12 + -9)
1
What is 7 + (11 - 8) + -3 - 2?
5
Calculate -1 + (25 - 3) + (-6 - 3).
12
What is the value of -42 - (-10 + -58) - 10?
16
Evaluate (6 - 18) + 16 + 2.
6
5 - (9 + (-24 - -8) + 9) - -14
17
20 + -27 + 13 + -2 - 3 - 2
-1
What is the value of 0 + 9 + 0 + (30 - (19 - -2))?
18
23 + (-19 - -12 - 25)
-9
Calculate (7 - 14) + -1 + 17 + 1 + -1.
9
What is 10 - (30 - (0 + 17))?
-3
-24 + (-2 - (2 + -34))
6
What is 3 + -8 + 1 + -8?
-12
What is 23 + -24 + -1 + 1 + -8?
-9
Evaluate 0 - 2 - (-21 - (12 + 7 - 35)).
3
Calculate (100 - 103) + (-2 - -3).
-2
Calculate -7 - (-9 - (-17 - -14)).
-1
What is 2 - ((4 - 0) + -16 - -12)?
2
What is the value of -7 - ((7 - (1 - 0) - 7) + -10)?
4
Calculate 1 - -8 - (-19 - (33 + -47)) - -12.
26
1 - (4 + 1 + (3 - 10) - 4)
7
Calculate 5 + (4 + 0 + (20 - 17) - 0).
12
What is the value of 22 + -31 - (-13 - -1)?
3
-1 - (6 - (-8 - (-22 + 8)))
-1
Calculate -20 - (0 - 17) - -18.
15
Evaluate 2 + 1 - (-24 - (-10 + -10)).
7
What is -10 + (7 - -12) - 17 - (0 - 4)?
-4
What is -247 + 207 - (-2 - 39)?
1
What is the value of (0 + 0 - 0) + (-41 - (-34 - 9))?
2
What is the value of 1 - ((-5 - -7) + 1 + 5)?
-7
Calculate -10 - -4 - (-2 + (11 - 0)).
-15
What is (-54 - -80) + (-5 - 26)?
-5
What is 10 + 2 - (163 + -142) - (-1 - 1)?
-7
What is the value of -486 + 494 - ((0 - 0) + 0)?
8
What is (37 - 61) + (12 - 0) - 3?
-15
What is 59 - 54 - (-1 - (3 - 3) - 2)?
8
-5 - (-5 + -1 + 8 - -9)
-16
Evaluate -30 - (19 - -5 - 38).
-16
Calculate -3 + 31 + -29 + 13.
12
-4 - (14 - (14 - -4))
0
Calculate ((0 - -10) + -1 + -6 - 3) + 21.
21
5 - 4 - (-2 + -3 + 7)
-1
(42 - 16) + -27 + -10
-11
Calculate 4 - (4 + -7 + 3 - -9).
-5
What is the value of (344 - 332) + (-2 + -1 - 0)?
9
What is the value of (7 - 2 - 0) + (-7 - -8 - 5)?
1
Calculate (0 - 2) + -9 + (10 + 12 - 7).
4
Calculate -3 + (-2 - (-34 + 12) - -5).
22
What is (25 - 37) + (8 - -16) + 11?
23
Evaluate (-1 + (0 - 1) - -4) + (-1006 - -1006).
2
What is the value of 19 - (55 - 41) - -22?
27
What is (3 - 22 - -18) + 20?
19
Calculate -1 + 4 + 4 + (20 - 5 - 5).
17
What is -7 + (15 - 1) + (-1 - (1 - 8))?
13
Calculate -78 + 91 + (0 - 12).
1
Evaluate 13 + -7 + (13 - 18) - -14.
15
What is 7 + (10 + -2 - 16) + (1 - 12)?
-12
Calculate -19 + -2 + 14 + 17 + -3.
7
(-14 - (-39 + -26)) + -13 + 1 + 0
39
What is the value of -34 + 50 - ((10 - -2) + 5)?
-1
(1 - -36) + (-6 - 14)
17
Evaluate (-4 - -45 - 33) + 16.
24
What is -80 + 75 - (17 - -2) - -9?
-15
Calculate 3 + -13 + 5 + (-7 + -1 - -1).
-12
Calculate 3 + (-3 - (-1 - (-8 + 8) - 8)).
9
Evaluate 24 - (-14 + -13 + 29 - -9).
13
Evaluate -2 - (56 + -44 - ((-10 - 0) + -2)).
-26
Evaluate 5 - (-13 + 1 + (-81 - -101)).
-3
Evaluate (-1 - 12) + 18 - 0.
5
Calculate 37 + 5 + -40 + 12.
14
What is the value of 1 + 6 + (-4 - (-7 - -7)) + 3?
6
Evaluate -7 - (-13 - -3 - (-8 - 0)).
-5
What is 20 + (-70 - -38) + 26 + 1 + 0?
15
(15 - 14 - -11) + -6 - (0 - 4)
10
What is 30 + -33 - -27 - (-7 - 5)?
36
Calculate 7 + (-4 - 13 - (-5 + -3)) + 9.
7
Calculate 3 + 2 + -10 - -51 - 14.
32
Calculate (-5 - (-6 + -5)) + 3.
9
What is the value of -17 + (-27 + 46 - 31)?
-29
(12 - 13) + -3 - (-26 - -2)
20
What is -11 + 7 - -10 - (17 - -3)?
-14
Calculate (-3 - (-7 - 2)) + (-59 - -64).
11
0 - (2 - (-8 - -9)) - (6 - -1)
-8
Evaluate -84 + 79 - (0 + (1 - -2) + 0).
-8
(-3 - 7) + 7 + 1 + -7
-9
Calculate 6 + 7 + -4 + -2 + 6.
13
What is the value of (-1 - -11) + (-62 - -60) - 10?
-2
(2 - (4 - (4 - -1))) + 21
24
What is (-28 + 30 - 41) + 36?
-3
Evaluate 15 + -18 + (7 - 2) + (21 - -3).
26
What is the value of (-7 - (-2 + (7 + 2 - 5))) + 1?
-8
Evaluate 7 + (-5 + 8 - ((-6 - -1) + 6)).
9
What is the value of 21 + -14 - -6 - 14?
-1
What is -7 + 20 + 1 + -43?
-29
Evaluate 4 + (-12 + (8 - 2) - (0 + -14)).
12
What is the value of -1 + 10 - (-18 + 27 + 10)?
-10
What is (10 - -30) + -42 + (1 - -3)?
2
Calculate (4 - 8) + -19 + 30.
7
What is the value of 2 + -5 + -4 + 17?
10
Calculate -110 + 115 + (-19 - 1).
-15
What is the value of -3 - (1 + -4) - (13 - 6)?
-7
What is the value of 7 - -1 - (-245 + 256) - -3?
0
What is the value of (10 - 3) + (1 - (8 + -16))?
16
What is 8 + -3 + -15 + 16?
6
Calculate -46 + 39 + -31 - -21.
-17
Calculate 203 + -192 + -12 + 1.
0
What is the value of -19 + 10 + (18 - 9 - -25)?
25
What is the value of -19 - (-12 + 6 + 8 + -11)?
-10
(0 + -2 - (-30 + 23)) + -4
1
-1 - 0 - (-1716 - -1702)
13
What is the value of 66 - 77 - (-6 - 2)?
-3
What is the value of (-16 - -